(base 14) to base 15.
17
What is -3231 (base 4) in base 6?
-1033
-19 (base 16) to base 3
-221
Convert -71 (base 15) to base 6.
-254
211 (base 6) to base 5
304
What is 105 (base 13) in base 15?
b9
2 (base 12) to base 16
2
What is a (base 13) in base 11?
a
13 (base 4) to base 2
111
Convert -3 (base 13) to base 16.
-3
Convert 4 (base 9) to base 6.
4
What is -156 (base 8) in base 7?
-215
What is 2 (base 15) in base 11?
2
-b2 (base 16) to base 12
-12a
Convert -314 (base 6) to base 3.
-11101
What is 4b (base 16) in base 9?
83
Convert -b (base 14) to base 10.
-11
Convert 1 (base 12) to base 4.
1
Convert 20000 (base 3) to base 11.
138
What is -1 (base 11) in base 14?
-1
55 (base 9) to base 3
1212
Convert 5 (base 14) to base 4.
11
-14 (base 9) to base 4
-31
Convert 7d (base 14) to base 4.
1233
Convert 16 (base 14) to base 3.
202
Convert 13 (base 11) to base 2.
1110
0 (base 10) to base 16
0
What is -1 (base 3) in base 10?
-1
-1010001 (base 2) to base 5
-311
Convert 0 (base 4) to base 6.
0
What is -601 (base 7) in base 3?
-101221
117 (base 11) to base 6
351
a5 (base 15) to base 12
10b
What is 92 (base 13) in base 3?
11102
Convert -35 (base 14) to base 10.
-47
What is -252 (base 11) in base 14?
-175
Convert 4 (base 13) to base 16.
4
What is -36 (base 8) in base 16?
-1e
What is -240 (base 5) in base 9?
-77
Convert 110 (base 2) to base 11.
6
What is 4 (base 15) in base 9?
4
What is -1 (base 16) in base 7?
-1
-10111 (base 2) to base 13
-1a
Convert -11 (base 11) to base 9.
-13
-35 (base 10) to base 9
-38
What is 4 (base 10) in base 9?
4
Convert -1 (base 12) to base 7.
-1
What is -3 (base 7) in base 14?
-3
What is -cf (base 16) in base 14?
-10b
Convert 8 (base 11) to base 3.
22
What is -100 (base 13) in base 6?
-441
Convert 2 (base 14) to base 4.
2
What is -59 (base 14) in base 6?
-211
Convert -1 (base 5) to base 16.
-1
Convert 1 (base 14) to base 7.
1
-10 (base 5) to base 8
-5
What is 38 (base 15) in base 13?
41
Convert 9 (base 14) to base 13.
9
55 (base 9) to base 2
110010
10 (base 14) to base 7
20
What is b (base 12) in base 13?
b
Convert 4 (base 12) to base 6.
4
121 (base 11) to base 7
264
Convert -85 (base 9) to base 7.
-140
Convert 10 (base 10) to base 5.
20
-24 (base 6) to base 3
-121
-a (base 15) to base 9
-11
What is -1 (base 14) in base 4?
-1
Convert 63 (base 14) to base 9.
106
What is 2 (base 15) in base 10?
2
Convert 100 (base 2) to base 13.
4
Convert 6 (base 10) to base 13.
6
Convert -1 (base 5) to base 10.
-1
1 (base 15) to base 10
1
What is 13 (base 11) in base 16?
e
Convert 101001 (base 2) to base 9.
45
19 (base 16) to base 10
25
68 (base 12) to base 10
80
What is -4 (base 6) in base 13?
-4
What is -11001 (base 2) in base 6?
-41
What is 5 (base 15) in base 10?
5
What is -230 (base 5) in base 15?
-45
What is -16 (base 7) in base 5?
-23
Convert 4 (base 16) to base 3.
11
Convert 10 (base 2) to base 5.
2
What is -37 (base 12) in base 14?
-31
-1 (base 3) to base 14
-1
What is -4 (base 8) in base 5?
-4
-256 (base 7) to base 14
-9d
Convert 1210 (base 4) to base 7.
202
What is 2 (base 10) in base 13?
2
What is 196 (base 10) in base 14?
100
What is 9 (base 10) in base 13?
9
10 (base 2) to base 8
2
Convert 4 (base 7) to base 15.
4
What is -28 (base 15) in base 16?
-26
53 (base 6) to base 9
36
What is 5 (base 8) in base 13?
5
Convert -18 (base 14) to base 6.
-34
What is -c9 (base 14) in base 7?
-342
What is 18 (base 9) in base 3?
122
1 (base 7) to base 8
1
Convert 35 (base 13) to base 3.
1122
What is 453 (base 7) in base 2?
11101010
8 (base 16) to base 12
8
Convert -21 (base 5) to base 4.
-23
9 (base 15) to base 9
10
Convert -5 (base 12) to base 16.
-5
What is -3 (base 10) in base 2?
-11
Convert 4 (base 7) to base 6.
4
Convert 2 (base 16) to base 13.
2
Convert -3 (base 5) to base 12.
-3
Convert 1 (base 3) to base 11.
1
Convert -101 (base 2) to base 12.
-5
Convert 64 (base 11) to base 13.
55
Convert -261 (base 9) to base 14.
-117
-1110111 (base 2) to base 10
-119
What is 2 (base 12) in base 5?
2
What is -100 (base 8) in base 5?
-224
Convert 1011 (base 2) to base 12.
b
Convert 20011 (base 3) to base 9.
204
What is 3 (base 14) in base 2?
11
Convert 7 (base 15) to base 14.
7
Convert 212 (base 5) to base 9.
63
Convert -23 (base 13) to base 2.
-11101
Convert -256 (base 10) to base 12.
-194
-5a (base 14) to base 9
-88
-4 (base 16) to base 7
-4
What is -3a (base 15) in base 7?
-106
What is 22 (base 11) in base 5?
44
What is 336 (base 7) in base 15?
b9
0 (base 10) to base 8
0
0 (base 7) to base 15
0
Convert -52 (base 6) to base 15.
-22
What is 0 (base 12) in base 11?
0
Convert 58 (base 14) to base 11.
71
What is -2 (base 14) in base 7?
-2
What is 269 (base 10) in base 9?
328
Convert -2 (base 14) to base 16.
-2
What is 5 (base 9) in base 3?
12
What is 0 (base 3) in base 15?
0
What is c3 (base 13) in base 8?
237
-3b (base 13) to base 8
-62
Convert 5 (base 9) to base 12.
5
-6 (base 15) to base 10
-6
-121 (base 4) to base 5
-100
What is -20 (base 3) in base 5?
-11
Convert -5 (base 11) to base 2.
-101
-a (base 15) to base 12
-a
Convert -6 (base 13) to base 2.
-110
Convert -1313 (base 4) to base 8.
-167
1100011 (base 2) to base 13
78
13 (base 13) to base 2
10000
Convert 5 (base 6) to base 8.
5
What is 7 (base 8) in base 5?
12
-24 (base 9) to base 13
-19
-43 (base 16) to base 15
-47
What is 8 (base 12) in base 5?
13
Convert 46 (base 14) to base 8.
76
30 (base 5) to base 4
33
What is -1 (base 6) in base 9?
-1
What is 10 (base 7) in base 10?
7
What is 1aa (base 15) in base 2?
110000001
Convert -30 (base 12) to base 9.
-40
What is 1330 (base 4) in base 6?
324
What is -1000 (base 2) in base 12?
-8
What is 4 (base 9) in base 14?
4
What is -4 (base 16) in base 13?
-4
-4 (base 11) to base 4
-10
-4 (base 15) to base 13
-4
Convert -10100001 (base 2) to base 10.
-161
What is 2 (base 8) in base 13?
2
What is -24 (base 14) in base 7?
-44
What is 100 (base 2) in base 11?
4
Convert -3 (base 5) to base 10.
-3
What is 3 (base 9) in base 6?
3
-211 (base 5) to base 4
-320
2 (base 7) to base 14
2
What is 7 (base 14) in base 16?
7
Convert 11c (base 14) to base 6.
1010
21 (base 8) to base 7
23
Convert 14 (base 14) to base 8.
22
Convert 0 (base 3) to base 11.
0
Convert -6 (base 13) to base 10.
-6
5 (base 6) to base 4
11
Convert 3 (base 10) to base 5.
3
What is 29 (base 11) in base 16?
1f
What is -2 (base 6) in base 15?
-2
65 (base 14) to base 9
108
What is 10111 (base 2) in base 16?
17
What is 1 (base 12) in base 6?
1
2 (base 10) to base 8
2
Convert -2c (base 15) to base 5.
-132
-2 (base 9) to base 3
-2
What is 0 (base 8) in base 7?
0
Convert -101111 (base 2) to base 8.
-57
Convert -33 (base 13) to base 2.
-101010
What is 3 (base 11) in base 2?
11
13 (base 6) to base 3
100
-100 (base 3) to base 2
-1001
1 (base 11) to base 13
1
-10 (base 8) to base 4
-20
16a (base 12) to base 6
1014
What is -3 (base 11) in base 9?
-3
-26 (base 11) to base 9
-31
Convert 13 (base 15) to base 13.
15
-5 (base 8) to base 5
-10
-1 (base 3) to base 14
-1
What is 2 (base 14) in base 10?
2
-21 (base 7) to base 10
-15
2 (base 5) to base 6
2
Convert 5a (base 14) to base 3.
2222
What is -10 (base 2) in base 4?
-2
What is 1 (base 11) in base 3?
1
What is -12 (base 8) in base 12?
-a
22 (base 9) to base 14
16
Convert -2 (base 4) to base 13.
-2
-22 (base 8) to base 7
-24
-20 (base 4) to base 8
-10
-7 (base 12) to base 7
-10
What is -1212 (base 3) in base 11?
-46
Convert -114 (base 5) to base 13.
-28
What is 4 (base 5) in base 12?
4
Convert 254 (base 9) to base 4.
3103
What is 2 (base 13) in base 3?
2
20 (base 11) to base 6
34
-2 (base 14) to base 6
-2
3a (base 13) to base 12
41
Convert -121 (base 3) to base 8.
-20
Convert 0 (base 4) to base 2.
0
-3 (base 5) to base 2
-11
What is -20 (base 8) in base 4?
-100
What is 153 (base 12) in base 13?
12c
What is 141 (base 13) in base 14?
11c
Convert -135 (base 8) to base 5.
-333
Convert 0 (base 7) to base 9.
0
-1101000 (base 2) to base 16
-68
Convert 3 (base 14) to base 11.
3
What is -11 (base 16) in base 10?
-17
20 (base 4) to base 9
8
What is -122 (base 3) in base 14?
-13
What is -5 (base 7) in base 6?
-5
Convert -1 (base 6) to base 5.
-1
What is 3 (base 12) in base 16?
3
-52 (base 7) to base 16
-25
-15 (base 8) to base 7
-16
Convert -6 (base 7) to base 16.
-6
Convert 137 (base 